 b**2 + 31*b + 9*b**2. Let a be n(-1). Suppose 5*c = -i - 6 + 13, a = 4*i + c. Let g(k) = -11*k + 3. Give g(i).
-19
Let v(j) = -j**2 - 19*j - 46. Let n = -380 + 377. Let a be v(n). Let i(d) be the first derivative of d**2 - d - 3. Determine i(a).
3
Let v(t) be the first derivative of t**4/4 - 5*t**3/3 - 14*t**2 + 10*t - 15662. What is v(8)?
-22
Suppose 2*h - 5*h = -15. Let t(i) be the first derivative of -7*i + 14 - 3/2*i**2 + 1/3*i**3. What is t(h)?
3
Let b(l) = l**2 + 3*l. Let v = -190 - -333. Suppose 543 - v = -8*p. Let h = p - -47. What is b(h)?
0
Let r(g) = -g**2 - 3*g. Let h(i) = -2*i - 16. Let a be h(-9). Suppose 11*u - 8*u - 5*j = -12, -a*u - 8 = j. Determine r(u).
-4
Suppose 26*u = -0*u - 1660 + 1582. Let f(z) be the second derivative of -z**4/6 + z**2 - z. What is f(u)?
-16
Let b(y) be the third derivative of y**5/60 + y**4/8 + 48224*y**2. Let c(u) = -u**2 + 2*u + 3. Let i be c(-2). Determine b(i).
10
Let q = 2527 - 2525. Let c(w) = -3*w**3 - w**2 - 3*w + 3. Give c(q).
-31
Suppose 81*s = 80*s + 1. Let w(y) = s + y - 10*y - 10*y + 28*y. Determine w(-5).
-44
Let n be (-1 + 1 + 14/49)/((-39)/(-1365)). Let d(b) = b**3 - 11*b**2 + 11*b + 19. Calculate d(n).
29
Let x(j) be the second derivative of 2*j**2 + 45*j - 1/6*j**4 + 0*j**3 + 0. Give x(-3).
-14
Let p(o) = -2*o - 2. Let i(f) = 27. Let t(x) = -i(x) - 3*p(x). Calculate t(-10).
-81
Let x(j) = 39709*j**3 - 39708*j**3 - 6*j + 4*j + 23 - 16*j**2. What is x(16)?
-9
Let a(c) = c**3 + 16*c**2 - 27*c + 22. Let l be a(-17). Let u = l + -197. Let s(q) = -2*q - 7. Determine s(u).
3
Let l = 619 + -619. Let a(h) = 0*h**3 + l*h**2 - 2*h**2 - 4*h**2 + 5*h**2 + 29 + h**3. Calculate a(0).
29
Let c = -2482 - -2485. Let b(x) = -3*x**3 + x**2 - 4. Give b(c).
-76
Let n be (0 - 0) + -5 - -2. Let t be (-2)/(-1 - (n + 3)). Let a(k) = 0 - t*k + 3*k + 0 - 2. Calculate a(7).
5
Suppose 2*i = -52 + 62. Suppose 0 = i*u - 297 - 498. Let a(c) = -1 - 159*c**2 + c**3 - c + u*c**2. Give a(-1).
-1
Let h(b) = -20*b - 5. Let m be h(-6). Let q = m - 115. Let g(u) = -u + 0*u**2 + 3*u**2 + 2 - 2*u**2 + 2*u. What is g(q)?
2
Suppose -2*h - 10 = -66. Suppose -4*w - h = -0. Let u(m) = -m**3 - 8*m**2 - 5*m + 3. What is u(w)?
-11
Suppose -4*k - k + 23 = -c, 3*c + 5 = -k. Suppose -2*m - 4 = -0, k*d - 4*m = 8. Let p(n) = -n**3 + n**2 - n - 18. Give p(d).
-18
Let d(n) = -n**3 - 4*n. Let u(c) = -12*c**2 + 1126*c + 190. Let s be u(94). Give d(s).
-16
Let o(h) = 136*h - 238. Let u(v) = -34*v + 57. Let i(k) = 2*o(k) + 9*u(k). Calculate i(1).
3
Suppose 0*a - 182 = 4*g + a, 5*a = 3*g + 125. Let u(p) = -60*p - 729. Let x be u(-13). Let o = g + x. Let l(z) = -z**2 + 7*z - 4. Calculate l(o).
2
Let s(u) = -15*u**2 - 3*u - 1. Suppose -290*w - 54 = -269*w - 33. Calculate s(w).
-13
Let g(o) be the first derivative of -21*o**2/2 + 11*o + 56. Let k(b) = 14*b - 7. Let f(n) = 5*g(n) + 8*k(n). What is f(-1)?
-8
Let h(n) be the first derivative of -n**2/2 + 22*n - 980. Calculate h(5).
17
Let r(x) = -x**2 + 6*x - 4. Suppose q - 22 = 5*m + 10, 5*m = -25. Let n = q + -3. Suppose n*p = 10 + 6. Determine r(p).
4
Suppose 40 = 3*a + m, 5*a = m - 0*m + 56. Let s(j) = -7 - 17*j + 28*j + j**2 + 0 - a*j. Calculate s(5).
13
Let c be (2 - 2) + -6*2/4. Let l be (1 - 2)/(c/27*3). Suppose 3*m = r - l*r - 10, -2 = -4*r + 5*m. Let k(n) = n**2 - n - 2. Calculate k(r).
4
Let o(x) be the third derivative of x**7/720 - x**6/720 + x**5/20 - 5*x**4/12 + 47*x**2. Let w(j) be the third derivative of o(j). What is w(-4)?
-29
Let n(l) = -l**3 - l - 2. Suppose -10 = -18*o + 19*o. Let h be (-16)/10 - (-4)/o. Give n(h).
8
Let r(j) be the third derivative of -j**4/12 - 5*j**3/6 + 2*j**2. Suppose -30 = 5*q - 10. Calculate r(q).
3
Suppose -519*v = -507*v. Let z(y) be the third derivative of v*y + 0 - 1/8*y**4 + 1/60*y**5 + 1/6*y**3 - 11*y**2. Calculate z(4).
5
Suppose 0 = -5*u - 2*t + 646, -2*t - 3*t - 241 = -2*u. Let q = u - 125. Let p(o) = 4*o - 2*o**3 + 1 + 3*o**3 - 3*o**2 - o**2. Calculate p(q).
4
Let u(w) be the first derivative of w**4/4 - w**3/3 + w**2 - w + 2702. Suppose g + 2*g + 9 = 5*z, -3*g + 2*z = 0. Calculate u(g).
7
Let j(q) = -5*q**2 + 20*q - 7. Suppose -6*l + 107 = 83. Let d be j(l). Let x(f) = -f**3 - 6*f**2 + 8*f - 5. Calculate x(d).
-12
Let y be 20 + 5 + (15 - 44). Let u(b) = -b**2 - 43*b - 157. Determine u(y).
-1
Let o(j) = j**2 + 3*j - 5. Let u be o(3). Let k be u/39 - 5/(-3). Suppose k = q + q. Let y(a) = a**2 + 2*a - 1. Calculate y(q).
2
Let r(z) be the second derivative of z**5/120 - 11*z**4/24 - 14*z**3/3 - z**2/2 + 17*z - 2. Let c(a) be the second derivative of r(a). Calculate c(0).
-11
Let p(g) = -g**3 + 6*g**2 - 9*g + 11. Let s be 5/(-6)*-2*3*1. Let t be s/(-7)*(1 - 8). Give p(t).
-9
Let y(z) = -61*z**3 + 14*z**3 - 2*z + 20*z**2 + z**3 + 27 + 47*z**3 + 39*z. Calculate y(-18).
9
Let w(c) = -3*c**2 - c**2 - 5*c - 5 - c**3 + 0*c**2 - c**2. Let k be -18 + 5 - (-14 - (-35)/7). Determine w(k).
-1
Let h(y) = -35166 + 17588 + 17577 + 14*y. Let m(b) = -b + 1. Let x be m(3). Give h(x).
-29
Let r be (-3*29/18 + 4)*-6. Let t(o) = o**3 - 222*o**2 + 0*o**3 + 2*o + 219*o**2 - 1 - r. Determine t(4).
18
Let w = 29 - 35. Let r(d) = -29 - 4*d + d**2 - 17 - 24 + 63 + 5*d. Give r(w).
23
Suppose 0 = -0*u + u + i - 10, 2*u - 4*i + 4 = 0. Suppose 29 = u*x - 1. Suppose x = 8*l - 7*l. Let o(b) = -b**3 + 4*b**2 + 4*b + 2. What is o(l)?
-3
Let t = 39 - 20. Let v = 13 - t. Let c(n) be the first derivative of -n**3/3 - 4*n**2 - 3*n + 64320. Calculate c(v).
9
Let c(d) be the third derivative of d**5/60 + 7*d**4/12 - 6*d**3 - 726*d**2. Calculate c(3).
15
Let q(b) = -3*b**2 + b + 1. Let d(a) = -5*a + 47. Let m be d(7). Suppose 121*r - 118*r + m = 0. Let y be 12/(-2) - -4 - r. Determine q(y).
-9
Let w(g) = -12*g**2 + 51*g + 517. Let a be w(9). Let f(t) = 3*t + 2. Let j(h) = -2*h - 1. Let s(q) = 3*f(q) + 4*j(q). Determine s(a).
6
Let i(a) = 78 - a**2 - 44 + 2*a - 9*a + 7*a**2 - a**3 - 35. Give i(3).
5
Suppose -5*l + 15 = -10*l. Suppose 0 = 6*i - 2593 + 145. Let j(d) = 407*d**2 + 1 + i*d**2 - 816*d**2 - 3*d. Determine j(l).
1
Let h be (-105)/147 + (-258)/21. Let c(k) be the first derivative of k**4/4 + 14*k**3/3 + 13*k**2/2 - 5*k - 1. What is c(h)?
-5
Let i(v) be the third derivative of -20*v**2 + 1/180*v**6 + 0 + 0*v**3 + 0*v + 2/3*v**4 - 1/30*v**5. Let f(q) be the second derivative of i(q). Give f(4).
12
Let x(i) be the third derivative of -i**6/120 - 7*i**5/20 - i**4/8 - 13*i**3/6 - 7103*i**2. Calculate x(-21).
50
Let g(q) = -q**2 + q - 1. Suppose -c + 180 = 3*i + 2*c, 5 = 5*c. Let p = -57 + i. Suppose -v + 2*l + 0*l = 5, -p*v + l = 1. What is g(v)?
-1
Let p(n) be the third derivative of -1/30*n**5 + 0 + 0*n + 2/3*n**3 + 154*n**2 + 1/3*n**4. Determine p(6).
-20
Let k(z) = -z - 11. Let h(c) = c**2 - 52*c + 143. Let b be h(49). What is k(b)?
-7
Let o be -1*(-1 - 6/3). Let t(g) = -g + 3. Let w be t(-2). Suppose -5*n + 50 = -w*y, 0 = -5*n - o*y - y + 32. Let i(x) = -x + 4. Determine i(n).
-4
Let w(y) = -2*y + 2*y**2 + 0 + 2*y - 1 - y - y**2. Let r be 2/(0 + (2 - 3)). Let h(j) = -3*j**2 - 2*j + 6. Let s(q) = r*w(q) - h(q). Calculate s(-4).
-4
Let p(o) = -o**3 + 8*o**2 + 4. Let n(a) = 2*a**3 + 35*a**2 + 27*a + 40. Let h be n(-17). Let t = -122 - h. What is p(t)?
4
Let v(u) = 4*u. Suppose 86 = 5*s + 3*f - 124, -3*s + 112 = -f. Let w(q) = -42*q - 1 + s*q + 1. Let h(i) = 5*v(i) + 7*w(i). Determine h(-3).
3
Let p(q) be the first derivative of 8/3*q**3 + 1/8*q**4 + 0*q**2 - 46 + 0*q - 1/120*q**5. Let u(b) be the third derivative of p(b). Determine u(4).
-1
Suppose 0 = 52*k - 43*k - 153. Let m(s) = k*s - 27*s - 7 + 12*s. Give m(8).
9
Let m(z) = -965715 - 965713 - z + 1931427. Let l be (-1)/(2/10 + 0). Calculate m(l).
4
Let n(q) = -2*q - 15. Let b(x) = -15*x - 171. Let v(r) = b(r) - 9*n(r). What is v(10)?
-6
Let f(k) = 11*k + 101. Suppose 272 - 150 = -47*o - 348. What is f(o)?
-9
Suppose 0 = 4*h - g + 3*g - 100, 3*g - 50 = -2*h. Let r = h - 27. Let n be -1*6*(r/(-4) + -1). Let s(c) = c**3 - 3*c**2 + 2*c + 4. Give s(n).
10
Let r be (89 - 2)*(-1 - -3 - 1). Let u = r + -71. Let h(q) = u*q - 16*q + q**3 + 0*q**3 + 4. Give h(0).
4
Let v be 174/4 + (-6)/12. Suppose x + 11 = -j, -5*j - x - v = 4. Let y(t) = -15 - t**3 - 10*t**2 + 2 - 11*t + 1. Determine y(j).
6
Let h(a) be the second derivative of a**4/12